16, what is -2b9 + 31f5?
2f3c
In base 8, what is 41 + 3152015?
3152056
In base 9, what is -1 - 41650830?
-41650831
In base 11, what is 9a3 - -117182?
118075
In base 11, what is -5a9343a8 - -12?
-5a934396
In base 11, what is 5785318 + 2?
578531a
In base 14, what is -9bd0b3 - -bc?
-9bcdd5
In base 10, what is 113888892 - 0?
113888892
In base 12, what is -29a - -2630?
2352
In base 9, what is 35038162 - 0?
35038162
In base 2, what is 10001001110110110 + 110001?
10001001111100111
In base 10, what is -16 - 546197?
-546213
In base 7, what is 10653546256 + 3?
10653546262
In base 3, what is -10 - -212200202022?
212200202012
In base 8, what is 26 + -2101527?
-2101501
In base 10, what is -5 - -1657533?
1657528
In base 11, what is 0 + 54aa03?
54aa03
In base 9, what is 744664 - 220?
744444
In base 7, what is 46160500 + 10?
46160510
In base 15, what is -19d0b0e + -5?
-19d0b14
In base 5, what is 30101 + -2122?
22424
In base 7, what is 134 + 115165160?
115165324
In base 10, what is -412 + -58106?
-58518
In base 2, what is 11011100111001 - -100001000?
11100001000001
In base 13, what is 3 - 4811c1b?
-4811c18
In base 14, what is -22 - 27477b?
-27479d
In base 3, what is -11 + 11100222112212?
11100222112201
In base 16, what is 25ab80 - b?
25ab75
In base 9, what is 73188002 - 15?
73187876
In base 13, what is 31826 - -5?
3182b
In base 6, what is 43312515 - 413?
43312102
In base 11, what is -40 - 18781a?
-18785a
In base 8, what is -121126 + -26747?
-150075
In base 3, what is 210000001 + -101212?
202121012
In base 16, what is 0 - 3412ba0?
-3412ba0
In base 7, what is 1 + 214656603?
214656604
In base 4, what is 1211000221 + -203?
1211000012
In base 3, what is 21221221002 + -102?
21221220200
In base 15, what is 35a + 20dc?
2447
In base 5, what is -222201110324 + -3?
-222201110332
In base 10, what is 87 - 520610?
-520523
In base 5, what is -43124 + -1213?
-44342
In base 4, what is -13 - -1033123300033?
1033123300020
In base 11, what is -1170765 - -3?
-1170762
In base 2, what is -1100010101100 + -10000100?
-1100100110000
In base 2, what is 100100110110001 + 1000010110?
100101111000111
In base 2, what is -100001111101111011101010 + 101110?
-100001111101111010111100
In base 3, what is 102121020021 - -200?
102121020221
In base 14, what is -b35ab85 - 7?
-b35ab8c
In base 13, what is 90c7b2 - -12?
90c7c4
In base 13, what is 1 - -711488?
711489
In base 5, what is 123411 + -2010332?
-1331421
In base 5, what is 1312003 - -121?
1312124
In base 6, what is 1 + -1022150?
-1022145
In base 11, what is 38a + 88382?
88761
In base 12, what is 3 + -34923578?
-34923575
In base 11, what is 6 + -70a984?
-70a979
In base 11, what is 19283162 - 0?
19283162
In base 6, what is 251 + -1310453?
-1310202
In base 10, what is 7427 - -16415?
23842
In base 9, what is 1071727 + -1067?
1070650
In base 8, what is -3315 + 30140?
24623
In base 13, what is -10 + -58b0044?
-58b0054
In base 2, what is 1010101011 + 10111100111001100100?
10111101000100001111
In base 13, what is 3b908 + -9?
3b8cc
In base 14, what is 980772 - -3?
980775
In base 10, what is -4 + -23092898?
-23092902
In base 14, what is -226cad - 0?
-226cad
In base 12, what is b0a77 + -7?
b0a70
In base 11, what is -54 + 78296?
78242
In base 7, what is -1 - -16122256?
16122255
In base 16, what is -2740 + -141?
-2881
In base 10, what is 138319 - 706?
137613
In base 5, what is 200112002243 - 1?
200112002242
In base 8, what is -251 - 2506542?
-2507013
In base 11, what is -4236a690 - -1?
-4236a68a
In base 5, what is -233 - 10142031?
-10142314
In base 8, what is -111 - -1454516?
1454405
In base 4, what is -123 + -23320101113?
-23320101302
In base 9, what is 75640 - 201?
75438
In base 6, what is -3444414402 - 1?
-3444414403
In base 3, what is 110020121120011102 - 21?
110020121120011011
In base 10, what is -22574 + 202?
-22372
In base 10, what is 9 - -3665492?
3665501
In base 8, what is 56041 - 257?
55562
In base 9, what is 1 - 63815015?
-63815014
In base 9, what is 4745 + -4033?
712
In base 16, what is -1 + 1b1f55?
1b1f54
In base 7, what is 6031 - -153521?
162552
In base 9, what is 2 + -4543885?
-4543883
In base 8, what is -7057576 - 42?
-7057640
In base 16, what is -85 - -1627?
15a2
In base 8, what is -4 + -56652451?
-56652455
In base 3, what is -10 - 202012001001011?
-202012001001021
In base 3, what is -12 + -110202100002?
-110202100021
In base 15, what is dc03 + d?
dc11
In base 13, what is -9b1 + 7a0c0?
7940c
In base 8, what is 22012705 - 36?
22012647
In base 9, what is -1162701 + 226?
-1162464
In base 15, what is -1d - 52b79a?
-52b7b8
In base 16, what is 19 - 47f1a1?
-47f188
In base 6, what is 23005013 + -33?
23004540
In base 11, what is -1649348 - 1?
-1649349
In base 14, what is 15 + -10817?
-10802
In base 15, what is -2 + -12525e1?
-12525e3
In base 9, what is -34222 - -543?
-33568
In base 9, what is -23528518 + -33?
-23528552
In base 2, what is 1000010110101101101101011 - -11110?
1000010110101101110001001
In base 16, what is -25a7795e + 5?
-25a77959
In base 16, what is 2b81bc - -10?
2b81cc
In base 12, what is 108a - 7708?
-663a
In base 11, what is 119 - -12a82?
130a0
In base 5, what is -223 + -23323233?
-23324011
In base 14, what is -b8 + -98c39?
-98d13
In base 12, what is 0 + 1106407?
1106407
In base 14, what is 7 + -74201?
-741d8
In base 12, what is -11a5053 - 6?
-11a5059
In base 3, what is 22222010 + -112222022?
-20000012
In base 5, what is -1314 - 2300321?
-2302140
In base 9, what is 4524 + 6574?
12208
In base 3, what is -110012 - 2021200022?
-2022010111
In base 5, what is -133421411 + 40?
-133421321
In base 8, what is -2127 + -2235047?
-2237176
In base 4, what is 2313030330033 + 10?
2313030330103
In base 11, what is 7141086 + 2?
7141088
In base 7, what is 2 - 115124206?
-115124204
In base 13, what is -18667 - -c8?
-1856c
In base 2, what is 1101110000111 - -1001110110010?
10111100111001
In base 15, what is -b82a0 - a04?
-b8ca4
In base 13, what is -1c - 6bb093?
-6bb0b2
In base 10, what is -3 + 40487950?
40487947
In base 14, what is -13 - 2d17c?
-2d191
In base 6, what is 112225325 + -5?
112225320
In base 2, what is -10001110001000100001 - 1010111?
-10001110001001111000
In base 15, what is 7ad39a + 2?
7ad39c
In base 13, what is -124a + 9b5?
-565
In base 10, what is -18 + 2993239?
2993221
In base 2, what is -11001100010011 - 111000111100?
-100000101001111
In base 11, what is -1 + -16a662854?
-16a662855
In base 11, what is -14a7359 - -2?
-14a7357
In base 9, what is -152 - 54281?
-54443
In base 14, what is -29 - -64d2?
64a7
In base 8, what is -201677 - 441?
-202340
In base 14, what is d + -b278a6d?
-b278a60
In base 5, what is -304033304 + -1141?
-304040000
In base 11, what is 2132253a + 5?
21322544
In base 11, what is -2152 + 33?
-211a
In base 9, what is -661 + -124467?
-125238
In base 6, what is -1404 + 4022213?
4020405
In base 11, what is -3 - 2797619?
-2797621
In base 16, what is -eeea - 99?
-ef83
In base 8, what is -40740202 - 17?
-40740221
In base 15, what is 39530 - 916?
38b19
In base 10, what is 242156 - 1159?
240997
In base 9, what is -3 - -3067887?
3067884
In base 2, what is 11011001001100001010110 + 10?
11011001001100001011000
In base 7, what is -211 - 436155?
-436366
In base 15, what is c472 + -c00?
b772
In base 14, what is -b9 + 77252?
77177
In base 5, what is 1444 + -123030?
-121031
In base 11, what is 7a + 27772?
27841
In base 12, what is 13b - -2277b?
228ba
In base 10, what is -3 - -4795283?
4795280
In base 15, what is 5 + -6b2966?
-6b2961
In base 12, what is 11 - -49a68?
49a79
In base 4, what is 11 - 3301203233?
-3301203222
In base 14, what is -c308c + -4c?
-c30da
In base 14, what is -3 - -8b72ab5?
8b72ab2
In base 7, what is -2 + -13522043?
-13522045
In base 16, what is -136c + -120?
-148c
In base 13, what is 4 + 10a397bb?
10a397c2
In base 2, what is 11 - -11000111110100000101?
11000111110100001000
In base 5, what is -10 + -131000402?
-131000412
In base 8, what is 102 - -340642?
340744
In base 9, what is 15 - 366560?
-366544
In base 12, what is 3a8aa5 + 1b2?
3a9097
In base 12, what is 4608b44 - -4?
4608b48
In base 11, what is 12454 + -3312a?
-20786
In base 4, what is -2221213133222 - 11?
-2221213133233
In base 2, what is 0 - 110110001000001101111?
-110110001000001101111
In base 4, what is -100030113332000 - -11?
-100030113331323
In base